 the prime factors of -8*x/(-4)*-5?
2, 5
Let m be 4 + (-38)/8 + 463/4. Suppose -37*d = -38*d + m. What are the prime factors of d?
5, 23
Suppose 0 = -5*b + 4*g + 379, -4*b + 4*g = -15 - 289. What are the prime factors of b?
3, 5
Let r(h) be the second derivative of -h**5/20 + h**4 - 4*h**3/3 - 15*h**2/2 - 14*h. List the prime factors of r(11).
2, 3
Let a be ((-1)/(3/(-4)))/((-5)/(-435)). Let u(x) = x**3 - 5*x**2 + 2*x - 7. Let d be u(5). Suppose o + d*o = a. List the prime factors of o.
29
Suppose 8*a - 13*r + 17*r - 16104 = 0, -2*a = -5*r - 4050. List the prime factors of a.
5, 13, 31
Let t(p) = p**3 + p**2 - p + 1. Let o(z) = -3*z**3 + 4*z**2. Let i(q) = o(q) + 2*t(q). Let v(d) = -2*d - 1. Let g be v(-2). List the prime factors of i(g).
23
Let z(u) = -5*u - 3. Let m = 19 + -23. Let f be z(m). List the prime factors of (14/(-6))/(f/(-51)).
7
Suppose 2*r = -p + 75, -7*r + 5*r - 185 = -3*p. Suppose 4*v - s + p = 5*v, -5*v + 5*s + 365 = 0. What are the prime factors of v?
3, 23
Suppose 2*l + 919 = 2745. List the prime factors of l.
11, 83
List the prime factors of 13/13*(1013 - 0).
1013
Let c(o) = -o**3 - 9*o**2 - o - 5. Suppose -5*y = -y + 36. Let r be c(y). What are the prime factors of (-16)/r - -4 - -41?
41
Suppose 10*z + 767 = 11*z. What are the prime factors of z?
13, 59
Let b be (-3 - (-6)/2)/(-1). Let n(p) = -4*p - 19. Let d(a) = 2*a + 9. Let f(x) = -11*d(x) - 6*n(x). What are the prime factors of f(b)?
3, 5
Let m = -46 + 57. Let o(p) = p**2 - 5*p - 5. What are the prime factors of o(m)?
61
Let d = 1705 + -908. What are the prime factors of d?
797
Suppose -w - 2*w = 5586. What are the prime factors of (-1 - -4)*w/(-42)?
7, 19
Suppose -4*w - 2*v + 14 = -0*v, 5*w + 3*v - 19 = 0. Suppose -u + w = -0. List the prime factors of 2 - (2 + u + -55).
53
Let l = 146 + -89. Let i(b) = 0 + 4*b**2 + 6*b + 56*b**3 - l*b**3 + 4 + 0. List the prime factors of i(5).
3
Let o be ((-45)/27)/(0 + 2/(-6)). Suppose 0*x - 68 = -3*x + i, o*i + 25 = 0. List the prime factors of x.
3, 7
Let u(q) = -2*q**2 + q + 1. Let s be u(-4). Let v = s + 10. Let m = v + 52. What are the prime factors of m?
3
Let r(h) = 3*h**2 + 25*h - 27. Let y(j) = j**2 + 13*j - 13. Let q(l) = -2*r(l) + 5*y(l). What are the prime factors of q(10)?
3, 13
Let g(l) = l**3 - 4*l**2 + 3*l - 7. Let z be g(4). Suppose -c - z = -2*c. List the prime factors of c.
5
Let l(u) = -24 + 4*u**2 - 3*u + 7*u**2 + 2*u**3 - 1 - u**3. List the prime factors of l(-11).
2
Let d = -50 - -52. Suppose 34 = 2*f + 5*g - 42, d*g + 20 = f. List the prime factors of f.
2, 7
Let x(l) = -2*l - 14. Let d be x(-9). Suppose 0*f = -f + d. List the prime factors of 34 + (0/(-1) - f).
2, 3, 5
Let n(f) = -3*f**2 + 279*f - 63. What are the prime factors of n(49)?
3, 5, 7, 61
Suppose 0 = 38*g - 40*g + 2556. List the prime factors of g.
2, 3, 71
Suppose -2*y = 2*w - y - 22, -4*y - 42 = -5*w. Let z = 29 - 10. Let h = w + z. What are the prime factors of h?
29
Suppose 0 = -4*l + 50 + 2. Suppose 15 = -2*i - l. What are the prime factors of 74/6 - i/21?
13
Let u = 120 - 118. Suppose -10 + 114 = u*h. What are the prime factors of h?
2, 13
Suppose -64*r - 1224 = -68*r. List the prime factors of r.
2, 3, 17
Let r(t) = 7 - 9 - 1 - t**2. Let h be r(0). Let c = 2 - h. What are the prime factors of c?
5
Let a = -1035 + 2073. Suppose r - a = -5*r. List the prime factors of r.
173
Suppose 2*v + 50 = 7*v - 4*x, 2*x = -3*v + 30. Let z be 2/(3 - 4) + v. List the prime factors of 182/6 + z/12.
31
Let s = -319 - -642. Suppose -400 = -3*z + s. List the prime factors of z.
241
Let w(i) = -9*i**3 + 2*i**2 - i + 1. Suppose -t + 8 = -0*t - 5*x, -4*t - 10 = x. List the prime factors of w(t).
83
Let d(w) = 3*w - 2. Let i be d(2). Suppose -3*b + 5 + i = 0. List the prime factors of (-4)/10*(b + -153).
2, 3, 5
Suppose -a = -l - 29 - 1, -4*l = -5*a + 154. List the prime factors of a.
2, 17
Let f be 8/(-72)*-6 - (-1460)/6. Let n = f - 140. List the prime factors of n.
2, 13
Suppose -275*w = -270*w - 3035. What are the prime factors of w?
607
What are the prime factors of 3/(-5) + (-8912)/(-20)?
5, 89
Let d = 15 - 27. Let s = d - -24. Suppose 0 = -2*a + 2*x + 98 - 24, 3*x = -s. List the prime factors of a.
3, 11
Let z be 3/((-6)/(-20)) - -2. What are the prime factors of (-2)/12 - (-254)/z?
3, 7
Let g be (20 + (-4)/4)*-1. Let i = -20 - g. Let j(t) = -6*t. List the prime factors of j(i).
2, 3
Let l(f) = 4*f**2 - 18*f + 10 - 26 - f**2 - 4*f**2. What are the prime factors of l(-11)?
61
Let h = 9 + -5. Suppose 3*s = 12, -5*n + h*s + 4 = 20. Suppose n*f + 25 = 3*p + f, p - 2*f = 6. What are the prime factors of p?
2
Suppose 3*p + r - 4403 = 0, -5*r + 2489 = 3*p - 1910. What are the prime factors of p?
2, 367
Let w = -843 + 1255. Suppose -4*l = -2*q + w, -4*q - 3*l = -l - 844. List the prime factors of q.
2, 3, 5, 7
Let b = 4 - 7. Let a(u) = 12*u**2 + 4*u + 5. Let o be a(b). Suppose 54 = 5*m - o. List the prime factors of m.
31
Let j = -106 + 558. What are the prime factors of j?
2, 113
Suppose -11*i + 2*i = -3780. Let z = i - 265. What are the prime factors of z?
5, 31
Let b(v) = 89*v**2 - 3*v - 2. Let u be b(-1). Suppose -u = -4*y + y. What are the prime factors of y?
2, 3, 5
Let y = 26 - -20. Let i be (0 + y - 3) + 3. List the prime factors of i + 2 + -3 + 2.
47
Let l be ((1 - -1)*5)/2. Let w(k) = 5*k**2 - 11*k + 11. What are the prime factors of w(l)?
3
Let q(j) be the first derivative of j**2/2 + 6*j + 9. Let a be q(5). Let v = a - -12. List the prime factors of v.
23
What are the prime factors of (1134/6)/(3/21*1)?
3, 7
Let s(r) = r**3 - 43*r**2 - 40*r - 69. List the prime factors of s(44).
107
Suppose t + 1342 = 5*d, 2*d - 357 = -4*t + 171. List the prime factors of d.
2, 67
Suppose -3*g - 4 = 3*l + g, 3*l - 20 = 2*g. Let q be -10*(6/(-5))/3. Suppose 47 = m - l*f, -q*f = -6*f - 10. List the prime factors of m.
3
Suppose -4*f + 1604 = 4*g, 2*g - 23*f - 802 = -27*f. What are the prime factors of g?
401
List the prime factors of -2*(75475/(-50) + -3 + -2).
13, 233
Let g(m) = m - 2. Let h be g(5). Suppose -h*r + 23 = -5*s + 1, -4*s + 5*r = 28. List the prime factors of 0/s + (-21)/(-1).
3, 7
Suppose 11*o - 7*o + 9 = -h, -h = 3*o + 6. What are the prime factors of 7 + -7 + -1*513/o?
3, 19
Let n(y) = -2*y**3 + 10*y**2 - 3*y - 7. Let r be n(5). Let d = r - -18. What are the prime factors of 13/(0 - d/12)?
3, 13
Let g(d) be the second derivative of 5*d**3/3 + 2*d**2 - 34*d. What are the prime factors of g(10)?
2, 13
Let k(s) = s**2 + 25. Let u be k(8). Suppose -t + 203 = 3*t + 3*b, 2*t - b - u = 0. List the prime factors of t.
47
Let d be (-1 - -16)*((-296)/(-20) + -4). Let b = d - 67. What are the prime factors of b?
5, 19
Suppose 11*y = 7*y + 288. Let n be 212/(-18) + (-16)/y. Let o = n + 15. List the prime factors of o.
3
Let n be -7*1 - (-5 + 7). Let a(z) = z**2 + 11*z + 8. Let v be a(n). Let h = v - -36. List the prime factors of h.
2, 13
Let o(h) = -11*h + 22. Let i be o(-6). Suppose i = 5*r - 517. What are the prime factors of r?
11
What are the prime factors of 5/(-6) + (-887)/(-6)?
3, 7
Let y(n) = 28*n**3 + 3*n**2 - 6*n + 4. List the prime factors of y(2).
2, 3, 19
Suppose 0 = 2*w + 161 + 51. Let k = -35 - w. What are the prime factors of k?
71
What are the prime factors of (-1)/((-5624)/2808 - -2)?
3, 13
Suppose 7212 = 3*l - 3*n, -4*n + 1807 = l - 602. What are the prime factors of l?
5, 13, 37
Let k(y) = 2*y**2 + 15*y + 71. What are the prime factors of k(-7)?
2
Let q = -106 - -130. What are the prime factors of q?
2, 3
Let c(u) = -u + 27. Let m be c(17). Suppose -x = m*x - 638. List the prime factors of x.
2, 29
Suppose 6*i = -2*q + 27500, 5*q + 9170 = 2*i + 4*q. List the prime factors of i.
2, 3, 191
Let u(y) = -y**3 + 6*y**2 - 6*y + 4. Let t be u(5). Let w = 1 - -20. Let l = t + w. List the prime factors of l.
2, 5
Let b(o) be the second derivative of o**3/3 - 7*o**2/2 + 5*o. Let a be b(5). Suppose -5*t = 2*i - 0*i - 51, a*t + 15 = 0. List the prime factors of i.
2, 19
Suppose -3*g + 2267 = -5*k, -4*g + 2988 = -2*k + 4*k. What are the prime factors of g?
7, 107
Let w(g) = 124*g**2 - 7*g + 67. List the prime factors of w(6).
67
Let h = -40 + 44. Let r(f) = 21*f + 19. What are the prime factors of r(h)?
103
Suppose 3*n - 6*n = -3*x + 8883, x = -5*n + 29